t common divisor of 2560 and 7552?
128
Calculate the highest common factor of 9120 and 75.
15
Calculate the highest common factor of 5467 and 2156.
77
Calculate the greatest common divisor of 13505 and 7141.
37
Calculate the greatest common factor of 218 and 150093.
109
What is the greatest common divisor of 34571 and 382?
191
Calculate the highest common factor of 70 and 1456.
14
What is the highest common divisor of 16 and 146152?
8
What is the highest common factor of 892309 and 22?
11
Calculate the highest common factor of 51606 and 893.
47
Calculate the highest common divisor of 31 and 2275803.
31
What is the highest common factor of 1470 and 15630?
30
Calculate the highest common factor of 143267 and 437.
23
Calculate the highest common factor of 32 and 62192.
16
Calculate the highest common divisor of 26523 and 1449.
63
What is the greatest common divisor of 5 and 6180060?
5
What is the highest common factor of 5436 and 9612?
36
Calculate the greatest common divisor of 1542108 and 3.
3
What is the highest common divisor of 57100 and 40?
20
What is the highest common factor of 108169 and 23?
23
Calculate the greatest common divisor of 110 and 14432.
22
Calculate the highest common factor of 65504 and 9256.
712
Calculate the greatest common divisor of 163580 and 20.
20
What is the highest common factor of 374 and 48411?
11
Calculate the highest common divisor of 14994 and 200214.
882
What is the highest common divisor of 272 and 155312?
272
What is the highest common factor of 70148 and 4118?
142
What is the highest common factor of 213 and 3297027?
213
What is the highest common divisor of 609378 and 378?
42
What is the greatest common divisor of 15681438 and 36?
18
Calculate the greatest common factor of 193434 and 24.
6
Calculate the greatest common divisor of 608 and 1088624.
304
What is the highest common factor of 4088 and 5600?
56
Calculate the highest common divisor of 4346 and 246.
82
Calculate the greatest common factor of 540311 and 1887.
629
Calculate the highest common factor of 984 and 67968.
24
Calculate the highest common divisor of 19 and 32.
1
What is the greatest common factor of 224180 and 88?
44
What is the highest common factor of 18756 and 21361?
521
What is the greatest common divisor of 217 and 36673?
217
Calculate the highest common factor of 36 and 43002.
18
Calculate the greatest common divisor of 1054 and 68646.
34
What is the highest common divisor of 2279 and 215?
43
Calculate the greatest common factor of 6076285 and 395.
395
Calculate the highest common divisor of 41382 and 35211.
363
What is the greatest common factor of 39 and 1131?
39
What is the greatest common divisor of 224 and 4344?
8
Calculate the highest common factor of 3177 and 639.
9
What is the greatest common divisor of 315 and 36435?
105
Calculate the highest common factor of 3072 and 1104.
48
Calculate the greatest common divisor of 62 and 3810.
2
Calculate the highest common factor of 1090 and 310.
10
What is the highest common factor of 95 and 4978?
19
What is the highest common factor of 34399 and 13424?
839
What is the greatest common divisor of 13895 and 11?
1
Calculate the greatest common factor of 175 and 195601.
7
What is the highest common divisor of 4374 and 8?
2
What is the highest common divisor of 560 and 258790?
70
What is the highest common factor of 11293811 and 701?
701
Calculate the highest common divisor of 856 and 162426.
214
Calculate the highest common divisor of 16864471 and 559.
559
What is the highest common factor of 204 and 17268?
12
What is the greatest common factor of 199 and 831223?
199
Calculate the greatest common divisor of 230856 and 36.
12
What is the greatest common divisor of 1385 and 21883?
277
Calculate the greatest common factor of 124410 and 377.
377
Calculate the highest common factor of 37 and 1488547.
37
Calculate the highest common divisor of 330 and 1680.
30
Calculate the greatest common divisor of 216 and 10824.
24
What is the highest common divisor of 16280 and 1298?
22
What is the highest common divisor of 34 and 19958?
34
Calculate the greatest common factor of 1648890 and 1395.
1395
Calculate the highest common divisor of 11 and 125.
1
Calculate the greatest common divisor of 12267 and 15486.
87
What is the highest common divisor of 10 and 16882090?
10
Calculate the greatest common factor of 984 and 13920.
24
What is the highest common divisor of 837 and 2349?
27
What is the greatest common divisor of 504 and 975366?
126
Calculate the greatest common divisor of 3348 and 1612.
124
Calculate the highest common divisor of 1274 and 25578.
98
What is the highest common divisor of 1187616 and 2937?
267
What is the greatest common factor of 1719 and 12224?
191
Calculate the highest common factor of 130 and 155090.
130
What is the greatest common factor of 1302 and 10044?
186
Calculate the highest common factor of 2214 and 12013.
41
Calculate the greatest common divisor of 71976 and 120.
24
What is the greatest common divisor of 28936 and 40?
8
Calculate the greatest common factor of 153 and 35241.
51
Calculate the greatest common divisor of 180516 and 36.
12
What is the highest common divisor of 9527 and 42?
7
What is the greatest common factor of 165168 and 31?
31
What is the greatest common factor of 92 and 30636?
92
Calculate the greatest common factor of 381456 and 5184.
432
What is the greatest common factor of 147 and 36687?
21
What is the highest common divisor of 51436 and 176?
44
Calculate the highest common factor of 134202 and 12.
6
What is the greatest common factor of 29606 and 8362?
226
Calculate the greatest common factor of 110 and 957484.
22
What is the highest common divisor of 45843 and 31857?
777
Calculate the highest common factor of 188 and 10481.
47
Calculate the highest common divisor of 1062 and 1578663.
531
Calculate the greatest common divisor of 456 and 28500.
228
Calculate the highest common factor of 28 and 2605393.
7
Calculate the highest common factor of 12072 and 1008.
24
Calculate the highest common divisor of 1079 and 10873.
83
What is the greatest common factor of 10 and 64594?
2
Calculate the greatest common divisor of 2709 and 4599.
63
What is the highest common factor of 985 and 8706415?
985
What is the greatest common divisor of 3839 and 18997?
11
What is the greatest common factor of 315 and 9994635?
315
What is the highest common divisor of 4144 and 494690?
518
What is the highest common factor of 522 and 7714?
58
Calculate the highest common factor of 300 and 158235.
15
What is the greatest common factor of 39897 and 32736?
1023
What is the highest common factor of 193 and 117151?
193
Calculate the greatest common factor of 4355 and 39.
13
Calculate the greatest common factor of 51 and 744.
3
Calculate the greatest common factor of 1410 and 240.
30
Calculate the greatest common divisor of 6148 and 30422.
106
What is the highest common factor of 53240 and 3080?
440
Calculate the highest common divisor of 1430 and 52130.
130
Calculate the greatest common divisor of 482174 and 33.
11
Calculate the highest common factor of 6754 and 143.
11
Calculate the greatest common factor of 381535 and 385.
385
Calculate the greatest common factor of 5144 and 128.
8
Calculate the highest common factor of 47066 and 11413.
101
Calculate the greatest common divisor of 2458761 and 13209.
1887
Calculate the greatest common divisor of 1350 and 329850.
450
What is the highest common divisor of 457520 and 903?
301
What is the greatest common divisor of 12519 and 1651117?
1391
Calculate the highest common factor of 3141968 and 1094.
1094
What is the highest common divisor of 152 and 18?
2
What is the greatest common divisor of 386087 and 1105?
221
Calculate the highest common factor of 116920 and 222.
74
What is the highest common divisor of 1508828 and 380?
76
What is the greatest common factor of 48 and 14808?
24
Calculate the greatest common divisor of 7063 and 1155.
7
Calculate the highest common factor of 456 and 89268.
12
Calculate the highest common divisor of 134 and 24187.
67
What is the highest common factor of 709 and 5?
1
What is the greatest common factor of 4148 and 502945?
1037
What is the highest common divisor of 12976 and 197073?
811
What is the highest com